True
Does 30 divide 7680?
True
Is 74 a factor of 962?
True
Does 203 divide 36134?
True
Does 14 divide 2333?
False
Is 1946 a multiple of 7?
True
Is 29178 a multiple of 124?
False
Is 8 a factor of 3850?
False
Does 7 divide 2758?
True
Is 13 a factor of 403?
True
Is 375 a factor of 21523?
False
Does 25 divide 2525?
True
Is 56 a factor of 5781?
False
Is 142 a multiple of 2?
True
Does 31 divide 6677?
False
Does 22 divide 60236?
True
Is 267 a multiple of 10?
False
Is 15 even?
False
Does 37 divide 259?
True
Does 117 divide 18954?
True
Is 1224 a multiple of 68?
True
Is 19 a factor of 22667?
True
Is 34741 a multiple of 44?
False
Is 6 a factor of 637?
False
Is 7 a factor of 19357?
False
Does 8 divide 5968?
True
Is 919 a multiple of 19?
False
Is 23542 a multiple of 38?
False
Is 63 a factor of 10521?
True
Is 21244 a multiple of 57?
False
Is 10776 a multiple of 35?
False
Is 16306 a multiple of 31?
True
Does 69 divide 3243?
True
Is 836 a multiple of 76?
True
Is 132 a factor of 3444?
False
Does 21 divide 949?
False
Is 48 a factor of 2688?
True
Is 14706 a multiple of 13?
False
Is 7 a factor of 567?
True
Does 13 divide 62119?
False
Is 1470 a multiple of 10?
True
Is 1380 a multiple of 69?
True
Is 11 a factor of 33792?
True
Does 8 divide 448?
True
Does 12 divide 13164?
True
Does 18 divide 2736?
True
Is 8 a factor of 680?
True
Is 8 a factor of 54696?
True
Is 320 a multiple of 20?
True
Is 173 a factor of 15228?
False
Is 1576 a multiple of 16?
False
Is 17 a factor of 2737?
True
Does 7 divide 17?
False
Is 15237 a multiple of 6?
False
Is 124 a factor of 12028?
True
Does 5 divide 55230?
True
Is 17 a multiple of 7?
False
Is 8 a factor of 1736?
True
Is 88 a factor of 15136?
True
Is 4012 a multiple of 146?
False
Is 59045 a multiple of 68?
False
Does 17 divide 69700?
True
Is 8 a factor of 7055?
False
Is 3333 a multiple of 4?
False
Is 702 a multiple of 26?
True
Does 11 divide 15653?
True
Is 105 a multiple of 2?
False
Is 331 a factor of 35748?
True
Is 19 a factor of 133?
True
Is 86 a multiple of 43?
True
Is 43 a factor of 2603?
False
Does 32 divide 475?
False
Does 67 divide 12447?
False
Does 10 divide 178?
False
Is 12357 a multiple of 9?
True
Does 59 divide 25678?
False
Is 594 a multiple of 33?
True
Is 10 a factor of 60?
True
Is 2411 a multiple of 14?
False
Does 9 divide 576?
True
Is 17 a factor of 89616?
False
Does 2 divide 864?
True
Is 13 a factor of 2574?
True
Is 93 a multiple of 31?
True
Is 60 a factor of 1860?
True
Is 8080 a multiple of 15?
False
Is 13 a factor of 533?
True
Is 200 a multiple of 4?
True
Does 27 divide 34834?
False
Is 16 a multiple of 5?
False
Does 14 divide 3990?
True
Does 320 divide 44686?
False
Is 17 a factor of 152472?
False
Does 104 divide 19760?
True
Is 108 a factor of 1080?
True
Does 12 divide 4014?
False
Is 15 a factor of 840?
True
Does 11 divide 1770?
False
Does 2 divide 647?
False
Does 15 divide 2010?
True
Is 6 a factor of 210?
True
Does 36 divide 1245?
False
Does 17 divide 272?
True
Is 4498 a multiple of 8?
False
Does 163 divide 29701?
False
Is 38 a factor of 5776?
True
Is 13 a factor of 2858?
False
Does 5 divide 7709?
False
Is 54 a factor of 88?
False
Is 8184 a multiple of 11?
True
Is 19 a factor of 1919?
True
Is 6 a factor of 42?
True
Does 106 divide 73246?
True
Is 33 a factor of 4515?
False
Is 64 a factor of 9369?
False
Does 13 divide 3970?
False
Is 3325 a multiple of 68?
False
Is 14 a factor of 546?
True
Is 32877 a multiple of 39?
True
Does 25 divide 5638?
False
Is 1811 a multiple of 61?
False
Is 135520 a multiple of 16?
True
Is 73 a factor of 2308?
False
Is 3 a factor of 818?
False
Is 471 a multiple of 2?
False
Does 34 divide 11932?
False
Is 1492 a multiple of 9?
False
Is 279 even?
False
Is 25 a factor of 250?
True
Is 378 a multiple of 42?
True
Is 57 a factor of 22173?
True
Is 1458 a multiple of 81?
True
Is 8 a factor of 1888?
True
Does 76 divide 12540?
True
Is 833 a multiple of 17?
True
Does 33 divide 12080?
False
Is 1525 a multiple of 55?
False
Is 2 a factor of 13?
False
Is 158 a factor of 9638?
True
Does 8 divide 1208?
True
Is 16 a factor of 9328?
True
Is 108630 a multiple of 15?
True
Is 1644 a multiple of 6?
True
Does 95 divide 1425?
True
Is 47 a factor of 329?
True
Does 28 divide 2524?
False
Does 3 divide 380?
False
Is 99250 a multiple of 25?
True
Is 3996 a multiple of 108?
True
Is 58 a factor of 21027?
False
Is 93 a factor of 1488?
True
Is 5243 a multiple of 9?
False
Is 465 a multiple of 20?
False
Is 27405 a multiple of 27?
True
Does 22 divide 249?
False
Does 51 divide 86858?
False
Does 116 divide 32016?
True
Does 74 divide 253?
False
Is 30 a factor of 3660?
True
Is 286 a factor of 55372?
False
Is 16 a factor of 14464?
True
Is 12 a factor of 8952?
True
Is 59354 a multiple of 134?
False
Does 99 divide 9547?
False
Is 48 a multiple of 6?
True
Is 48 a factor of 7617?
False
Does 13 divide 2015?
True
Is 728 a multiple of 14?
True
Does 47 divide 3619?
True
Is 75 a factor of 18195?
False
Does 224 divide 1616?
False
Does 21 divide 483?
True
Does 37 divide 257?
False
Does 28 divide 3352?
False
Does 49 divide 801?
False
Is 13 a factor of 10559?
False
Is 18 a factor of 168?
False
Is 27 a factor of 6499?
False
Does 15 divide 2295?
True
Does 21 divide 23851?
False
Is 11440 a multiple of 16?
True
Is 3 a factor of 306?
True
Is 7 a factor of 404?
False
Is 777 a multiple of 39?
False
Is 63 a factor of 155?
False
Does 58 divide 14616?
True
Is 6 a factor of 532?
False
Is 11 a factor of 11377?
False
Is 191 a multiple of 32?
False
Is 39 a factor of 19909?
False
Does 22 divide 502?
False
Is 27 a factor of 3319?
False
Does 45 divide 1224?
False
Is 111 a factor of 40080?
False
Is 1530 a multiple of 17?
True
Is 2898 a multiple of 14?
True
Does 211 divide 38191?
True
Does 15 divide 2895?
True
Is 5358 a multiple of 47?
True
Is 13770 a multiple of 6?
True
Is 3528 a multiple of 47?
False
Is 7 a factor of 161?
True
Does 12 divide 492?
True
Is 53 a factor of 3551?
True
Is 58 a factor of 4234?
True
Does 56 divide 25480?
True
Is 32336 a multiple of 86?
True
Is 239 a factor of 8206?
False
Does 6 divide 2091?
False
Is 50142 a multiple of 183?
True
Does 16 divide 35824?
True
Does 7 divide 882?
True
Does 12 divide 360?
True
Does 11 divide 4675?
True
Is 632 a multiple of 158?
True
Does 55 divide 9690?
False
Does 16 divide 240?
True
Is 10 a factor of 17530?
True
Is 11097 a multiple of 54?
False
Does 6 divide 1146?
True
Is 43 a factor of 4454?
False
Is 11 a factor of 594?
True
Is 3950 a multiple of 20?
False
Is 454 a multiple of 14?
False
Is 2800 even?
True
Does 9 divide 203?
False
Is 391 a multiple of 23?
True
Does 35 divide 4792?
False
Is 59388 a multiple of 196?
True
Is 12 a factor of 959?
False
Is 75 a factor of 22277?
False
Is 134 a factor of 3104?
False
Is 2040 a multiple of 33?
False
Is 400 a multiple of 10?
True
Is 193 a factor of 73919?
True
Is 448 a multiple of 14?
True
Does 85 divide 432?
False
Is 21 a factor of 60585?
True
Is 7 a factor of 126?
True
Is 19 a factor of 2755?
True
Is 22 a factor of 14586?
True
Does 54 divide 29214?
True
Is 9 a factor of 2106?
True
Is 24618 a multiple of 11?
True
Is 14306 a multiple of 114?
False
Is 12935 a multiple of 15?
False
Is 30666 a multiple of 114?
True
Is 17 a factor of 51?
True
Is 3302 a multiple of 26?
True
Is 11760 a multiple of 105?
True
Is 4465 a multiple of 2?
False
Does 7 divide 11942?
True
Is 2 a factor of 4918?
True
Does 118 divide 7434?
True
Is 21 a factor of 273?
True
Does 31 divide 3162?
True
Does 83 divide 3427?
False
Is 2600 a multiple of 25?
True
Does 3 divide 5?
False
Is 31009 a multiple of 5?
False
Is 17 a factor of 68?
True
Does 15 divide 49254?
False
Is 32864 a multiple of 79?
True
Does 8 divide 144?
True
Is 18 a factor of 4770?
True
Is 2040 a multiple of 8?
True
Is 22 a factor of 978?
False
Is 594 a multiple of 27?
True
Does 3 divide 1227?
True
Is 75 a factor of 1425?
True
Is 714 a multiple of 42?
True
Does 129 divide 18501?
False
Is 88 a factor of 5368?
True
Is 10640 a multiple of 38?
True
Is 69 a factor of 37624?
False
Does 13 divide 15152?
False
Does 83 divide 1310?
False
Does 14 divide 1441?
False
Does 24 divide 18030?
False
Is 197 even?
False
Is 374 a multiple of 11?
True
Is 9213 a multiple of 71?
False
Is 700 a multiple of 70?
True
Is 1811 a multiple of 29?
False
Is 2352 a multiple of 98?
True